= -3*l - 2. Let h be 13/l*(-6)/(-3). Let j = -9 - h. What is the greatest common divisor of 12 and j?
4
Let h(c) = 10 + 0 + 0 - c. Let k be h(-8). What is the greatest common divisor of k and 198?
18
Suppose -2*t + 384 = -5*g - 123, 4*g = -12. Suppose -h + 4*r = -66, -3*r + t - 59 = 2*h. Let w = h + 13. Calculate the highest common factor of 9 and w.
9
Let i be (-2)/6 + 570/9. Let p(g) = -g**2 + 5*g + 5. Let v be p(4). Calculate the highest common factor of i and v.
9
Suppose -15*v - 147 = -19*v - o, 5*v - 3*o = 188. Calculate the greatest common divisor of v and 37.
37
Suppose -2*y + 23 = -13. Calculate the greatest common divisor of y and 54.
18
Let l = -13 - -7. Let g be l/15*(-10 - 0). What is the highest common divisor of g and 6?
2
Suppose -4 = k - 2. Let w(a) = -4*a**3 + a**2 + a - 1. Let r be w(k). Calculate the highest common divisor of r and 3.
3
Let h(y) = 2*y. Let l be h(-1). Let n be (-16 + 0)*-1 - l. What is the highest common factor of 18 and n?
18
Suppose 3*b - 104 = 2*z + 2*z, -5*b + 188 = -3*z. What is the highest common divisor of b and 5?
5
Let p(x) = -3 - 5*x**2 + 3*x**2 + 4*x**2 + 1 + 6*x. Let q be p(-4). Calculate the highest common factor of 66 and q.
6
Suppose -2*v = 2*v - 32. Suppose -l - 65 = -6*l. Let w = l + 43. What is the greatest common factor of v and w?
8
Let v be (-3)/(-5) - 2532/20. Let w be (1*-3)/(27/v). Calculate the greatest common divisor of w and 7.
7
Let q(z) = z - 7. Let a be q(-6). Let n(h) = -h**2 - 14*h - 9. Let t be n(a). Calculate the highest common divisor of 1 and t.
1
Let a = -44 + 47. What is the greatest common factor of 12 and a?
3
Let x be (-2)/5 + 66/15. Suppose 0 = -3*o - 5*k + 50, -k = 4*o + x*k - 70. What is the greatest common factor of 4 and o?
4
Let g = -96 + 151. What is the highest common factor of 22 and g?
11
Let d(v) = -2*v - 6. Let z be d(-6). Suppose i + 95 = 3*p, -3*i - 28 = -p + 17. What is the greatest common divisor of z and p?
6
Let b(c) = -1 - 5*c + 10*c**2 - 2*c**2 + 3*c. Let f be b(-1). What is the greatest common factor of f and 9?
9
Let z(k) = -2*k**3 - 2*k**2 + 8*k + 8. Let r be z(-5). What is the greatest common factor of r and 21?
21
Let j = 3 + 0. Suppose -5*s - w + 19 = 0, j*s - 16 = -3*w + 5. Suppose q - 18 = s*o, -q - 5*o + 26 = -0*q. What is the highest common factor of q and 7?
7
Let d be 141/7 + 1/(-7). What is the highest common factor of d and 80?
20
Let c = -89 + 92. What is the greatest common divisor of c and 24?
3
Let r(o) = 2*o**2 - 5*o + 2. Let i be r(5). Let s(j) be the first derivative of j**2/2 + 9*j - 2. Let m be s(0). What is the highest common factor of m and i?
9
Suppose -4*i + 0 + 120 = 0. What is the greatest common factor of 5 and i?
5
Suppose 0 = -4*s + s + 15. Suppose q - 1 = a - 0, -q + 9 = -s*a. Let i(w) = 4*w**2 + 2*w - 2. Let o be i(a). What is the highest common factor of 10 and o?
10
Let u be 11*14/(-4)*-4. What is the highest common divisor of 22 and u?
22
Suppose 5*q + 4*y - 10 = 0, -4*q + 4*y + 44 = -0. Suppose -134 + q = -4*w. Calculate the highest common divisor of 4 and w.
4
Let d = 3 - 0. Suppose -93 = -3*z - u + 123, -d*u - 288 = -4*z. Let p = 17 - 9. Calculate the highest common factor of z and p.
8
Let x = 29 + -15. Suppose -2*i = -15 + 1. What is the greatest common factor of x and i?
7
Suppose -928 = -4*h + 4*i, 3*i = -6 - 0. Let z = h - 121. Suppose -2*s = -3*p + z, -p + 2*s + 2*s = -53. What is the greatest common divisor of p and 22?
11
Let n = -7 - -11. Let p(t) = -2*t**2 - t - 7. Let d be p(0). Let i = n - d. Calculate the highest common factor of 11 and i.
11
Suppose -4*s = -7*s + 54. What is the highest common factor of s and 162?
18
Suppose -2*a - 3*a = -540. Let j = 188 - a. Let o(x) = x**3 + 8*x**2 + 5*x - 4. Let c be o(-7). Calculate the highest common divisor of c and j.
10
Let i(u) = -54*u**3 + 1. Let s be i(-1). What is the greatest common factor of s and 110?
55
Suppose -g - 5*w = -37, -5*w = 5*g - g - 88. Suppose 3*s + g - 95 = -5*i, -4*s + 56 = 4*i. Calculate the highest common factor of i and 18.
18
Suppose -2*j + 7*s - 3*s + 6 = 0, 16 = 2*j + s. Calculate the highest common divisor of 77 and j.
7
Suppose -q - 120 = -336. Suppose -3*j - 87 = -m - 2*m, 110 = 5*m + 2*j. Calculate the greatest common factor of q and m.
24
Let s be -16*(2/7 + 215/(-140)). Calculate the greatest common divisor of 60 and s.
20
Let a be (-2)/(-5) + (-83)/(-5). Let t(y) = 29*y - 2. Let u be t(3). Calculate the highest common factor of u and a.
17
Suppose 5*n - 76 = -6. Suppose -3*a = 4*a - 1078. What is the highest common divisor of a and n?
14
Suppose 4*s + 0 = 4. Let b be (-75 - s)/(-7 + 5). Calculate the highest common divisor of 57 and b.
19
Let j = 52 + -24. What is the greatest common divisor of j and 8?
4
Let l = 398 + -394. Let j(t) = -9*t + 6. Let g(r) = -r + 1. Let w(b) = -24*g(b) + 3*j(b). Let z be w(-6). What is the highest common factor of l and z?
4
Let a be (0 + 1)*(2 - 0). Let q(l) = l**3 - l + 4*l + 5*l**a - 6 + 9. Let x be q(-2). Calculate the greatest common divisor of 3 and x.
3
Let s(c) = 5*c - 1. Let z be s(5). Let l(x) = 61*x**2 - x. Let w be l(1). What is the greatest common divisor of w and z?
12
Suppose h - 4*a + 38 = 0, 5*h + 37 = 5*a - 93. Let b = -16 - h. Let k = 1 + b. Calculate the highest common divisor of k and 35.
7
Suppose 5*q + 6 = 61. Let f = q + -8. What is the greatest common divisor of 12 and f?
3
Let n be (18/4)/(42/56). What is the greatest common divisor of n and 54?
6
Let x(t) = -59*t**2 + t + 4. Let w be x(-3). Let l = -321 - w. What is the highest common divisor of l and 19?
19
Suppose -3*m - 581 = -5*f - m, 0 = 4*f - 4*m - 460. What is the highest common factor of 13 and f?
13
Let m(y) = 15*y - 6. Let z = -3 + 8. Let p be m(z). What is the greatest common divisor of 23 and p?
23
Let j be (-78)/(-10)*(2 + 13). Calculate the highest common factor of j and 9.
9
Let n = 47 - 31. What is the highest common divisor of n and 2?
2
Suppose -10 = -2*b + y, -4*b + 8*b + y - 32 = 0. Let t(v) = 76*v + 1. Let a be t(1). What is the highest common divisor of b and a?
7
Let r be -8*3/(-6) - 2. What is the highest common divisor of 1 and r?
1
Suppose r + 5*k = -8, 2*r = 3*r - 2*k - 13. Let f = 28 + -14. What is the greatest common factor of f and r?
7
Let p = -7 - -18. Let u = p + -8. What is the greatest common factor of u and 6?
3
Let r(s) = 14*s**2. Let p(m) = 7*m**2. Let h(n) = 9*p(n) - 4*r(n). Let d be h(-1). Suppose -4*t + 182 = -42. What is the greatest common factor of t and d?
7
Let i = -114 + 226. What is the highest common factor of 28 and i?
28
Let g = 891 - 603. Calculate the highest common divisor of 36 and g.
36
Suppose 2*f = 5*f - 24. Suppose -4*v = -27 - 37. Calculate the greatest common divisor of v and f.
8
Let p(l) = l**2 - 16*l + 9. Let v be p(6). Let w = -33 - v. What is the highest common factor of w and 45?
9
Suppose -4*v + 276 = -2*r + 3*r, -3*v + r = -214. Suppose 2*d - 4*s - s = 81, 5*d + 2*s - 130 = 0. Calculate the greatest common divisor of v and d.
14
Let u be -2*(-1 + (-93)/2). Suppose n - 7 = -3*m, 0*n + 91 = 5*n + m. Calculate the greatest common factor of u and n.
19
Suppose 3*i = 6 + 24. Suppose -u + 25 = 4*r, -u + 2*r = u - i. What is the greatest common divisor of 18 and u?
9
Let d(o) = -1 + 3*o + o - 6*o + o. Let z be d(-11). What is the greatest common factor of z and 25?
5
Let x = -7 - -7. Suppose x = 4*c + 2*q - 166, c + c = -4*q + 68. Calculate the highest common factor of 4 and c.
4
Suppose 1 = 5*b - 4*b. Let r(s) = -s**3 - 10*s**2 - s - 9. Let y be r(-10). Suppose o = 2*o - y. Calculate the greatest common factor of b and o.
1
Let o(t) = -t + 12. Let k be o(12). Suppose 4*z + 4 = -4*w + 64, k = 4*w. What is the highest common factor of z and 165?
15
Let b(p) = -27*p. Let r be b(-1). Suppose -3*f + f = 0. Suppose f = 3*g - 17 - 10. Calculate the greatest common divisor of g and r.
9
Suppose -x - 32 = -200. What is the greatest common divisor of x and 24?
24
Let z be 6 - 4/(12/9). Let t be (9 + z)*(-6)/(-9). What is the highest common divisor of 1 and t?
1
Let d(t) = 32*t. Let z be d(7). What is the highest common factor of 28 and z?
28
Let h = -4 + 6. Suppose -9 - 1 = -h*y. Suppose -58 = -5*f - 4*i + 171, 4*f - 5*i - 175 = 0. What is the greatest 